(-217 + 235 - (0 + 10)) + -16?
-8
9 + 17 + -47 + 1
-20
-13 - -9 - 8 - (6 + -44)
26
Calculate 19 + -3 + -8 - (-3 + 0).
11
(-12 - -27) + -15 - (5 - 4)
-1
48 + -52 + 2 + (3 - -8)
9
(-13 - (9 + -28)) + -24 + -4
-22
What is -3 + (9 - ((18 - -1) + -6) - -6)?
-1
Evaluate (-8 - (-2 + 10 + (0 - 18))) + 6.
8
Evaluate -63 + 57 - (-24 - -26 - (0 - 0)).
-8
What is (18 - 15 - (-12 - -29)) + (1 - -11)?
-2
Calculate 1025 - 1008 - (0 + -2 + 35).
-16
What is the value of -38 + -2 + 63 + -30?
-7
Calculate -17 + 12 + (19 - 14).
0
23 - ((-17 - -20) + 3)
17
Calculate -7 + (1 - -8) + (-11 - -5 - -2).
-2
Calculate (-5 - (-1 + -9)) + 3 + (0 - -5).
13
What is (20 - 2 - (-2 + 3 - 6)) + -4?
19
What is (8 - (23 + -19)) + -21?
-17
Evaluate (1 - (10 + 2)) + (36 - (-25 + 43)).
7
Evaluate (54 + -42 - (31 - -4)) + 8 + -2.
-17
What is the value of 9 + (4 + -22 - -11)?
2
Calculate -10 + (33 - 13) + -19 - -10.
1
Calculate (-32 - -14) + 1 - -2.
-15
What is 24 - (-10 - -15 - -9)?
10
What is 0 + 1 + -2 - (835 - 842)?
6
What is the value of (-17 - (11 - 17)) + 2 + (1 - 4)?
-12
Calculate (-21 + 26 - 28) + -2 + 13.
-12
Calculate 5 - (17 + -10 + -7).
5
18 + -31 + (13 - 29)
-29
Calculate (-36 - -32) + -4 + 19.
11
Evaluate -3 - (-6 + -5 - -21 - -12).
-25
Calculate -6 + -2 + (29 - 13) - 5.
3
Evaluate 5 - (114 + -112 + (-3 - 1)).
7
Evaluate (-1 + -2 - -10) + (17 - 4).
20
Evaluate -2 + -1 + 2 + (1075 - 1093).
-19
Evaluate -405 - -350 - (2 - 34).
-23
Evaluate (-1 - (-30 + (23 - 10))) + 8.
24
What is -1 - (-1 + -1) - (-9 + -1)?
11
Calculate 95 + -46 - 17 - (0 + 11).
21
What is 7 - ((3 - (9 - -6)) + -6 + 9)?
16
-11 - (-11 + -7) - (0 - -12)
-5
Calculate (-2 - -2 - -4 - (41 - 35)) + 16.
14
-5 + (0 - (1 - 4) - -2) - -5
5
Evaluate 4 + (-5 - (-19 + (7 - -1))).
10
Calculate -3 - (0 + 1 + 12 + -33).
17
What is -20 - (19 - 20 - 6)?
-13
Calculate -4 + (52 + -19 - 26).
3
What is (6 - (-4 - -3)) + 0 - (-12 + 27)?
-8
What is the value of (-70 - -66) + (5 - -16)?
17
Evaluate -336 - -357 - (5 + 1).
15
What is the value of 1 + -54 + 22 + 6?
-25
Calculate (-4 - -5) + (3 - -3).
7
Evaluate (24 - 18 - (2 - 6)) + -8.
2
What is (65 - 33 - 52) + -2?
-22
Calculate 2 - (6 + -6 + 3 + -10 - 1).
10
Evaluate (3 + 3 - -1) + -4 + -2 + 7.
8
What is -1 + (-11 - -15) + -3 + (-2 - 12)?
-14
1 + 5 + 13 + -4
15
Evaluate -9 + 1 + -7 + (-18 - -31) + 3.
1
What is the value of 36 + -16 + 18 + -15 + -16?
7
What is the value of 7 + (0 - (3 - -8)) + 9 + -5?
0
What is 14 - ((15 - 29) + 20)?
8
-6 + (5 - -3 - 27)
-25
What is 1 + -5 + -21 + 8 + 2?
-15
What is the value of (-4 + -1 + -6 - 4) + (-3 - -8)?
-10
-8 + 14 + -14 + 0 + -3
-11
Evaluate (5 - (-1 - -8) - -4) + (13 - -1).
16
What is the value of 22 + -6 - (23 + (-29 - -20))?
2
Calculate (-14 - -4) + 8 + (4 - (6 - -4)).
-8
What is 15 + -1 + 64 + -73?
5
What is the value of 1 + (-8 - -5) + 3 - (-2 + -7)?
10
What is the value of -1 + 14 + 0 + -11?
2
What is the value of -9 + (0 + 27 - 8)?
10
What is 6 + -1 - ((1 - 3) + -14 + 8)?
13
What is the value of 51 + -46 - (7 - -9)?
-11
-12 + 0 + -11 + 7
-16
What is 3 - 5 - 1 - (130 + -151)?
18
What is the value of 20 + 2 - (-14 - (-4 - 1 - 10))?
21
What is the value of -1 + -31 + -14 + 52 + -25?
-19
Evaluate -1 + 3 + (5 - -2 - -3).
12
What is -88 - -26 - -28 - -24?
-10
0 + -14 - -28 - (3 - -6)
5
Evaluate (30 - 0) + (121 - 162).
-11
9 + 3 - (-9 - (-7 - 0)) - -3
17
What is the value of (-2 + 2 - -2) + -84 + 78?
-4
Calculate -908 + 910 - (21 + 0).
-19
Calculate 1 - (-5 - 12) - (5 + -2 - -3).
12
What is 2 + -3 + 9 + (4 - 5)?
7
Calculate -19 - (-6 - -4 - 24).
7
What is the value of (0 - 6) + (1 - (1 - -5)) + 2?
-9
11 + (27 - (14 - -6))
18
What is the value of -14 - (-27 + 0 + -3) - -15?
31
Calculate 35 - (2 - ((16 - 13) + -10)).
26
(-5 - (-2 - -2)) + 1 - (0 + -1)
-3
(-4 - -7) + -3 + (6 - (-3 - -1))
8
-15 + (17 - -9) - 26 - (-4 - 0)
-11
Evaluate -25 + (4 - (0 + 19 + -6)) + 9.
-25
What is -10 + -12 + -44 + 87?
21
What is the value of (-1 - (5 + -2)) + (2 - -1 - 9)?
-10
What is the value of -15 + 22 + 34 - 22?
19
Evaluate (-11 - -8 - -12) + -3 + -5.
1
Calculate 30 + (-29 - (20 - 25)).
6
Calculate -8 + (15 - (-15 + (21 - -11))).
-10
What is the value of 2 - ((10 - 16) + -2) - -8?
18
Evaluate (-2 - -6 - -3) + (4 + -7 - -7).
11
3 + (-2 - 6 - -12) + 5
12
What is 9 + (7 - 5) - 6 - (-9 + -1)?
15
Calculate -2 + 16 - 14 - (-1 - 0) - 20.
-19
(-30 - -11) + 20 - (9 + (1 - 1))
-8
What is 0 + 1 + -6 - (228 - 233)?
0
What is 1 + -31 + 24 + 22 + 0?
16
What is -251 + 205 + 3 + 3?
-40
What is (-1760 - -1754) + -26 + (1 - -1)?
-30
What is (-15 - (-2 + (-5 - -2))) + 1 + 4?
-5
Evaluate -36 + -36 + 23 + 70.
21
Calculate 5 + -5 + 18 + (10 - 14).
14
-1 - (-18 + (9 - (5 - 7)))
6
(-7 - -16) + 1 - -7 - 9
8
Calculate -70 + (54 - 19) - 2.
-37
(-431 - -435) + (20 - 1)
23
Evaluate -19 + 29 - (32 - (-2 - -6)).
-18
What is the value of (13 - 10 - -4) + (3 - 24) + -8?
-22
Evaluate (-4 - -6) + 1 + (-9 - (7 + -5)).
-8
Calculate 6 + -2 + (-16 - -15 - (-7 - 1)).
11
(-5 - 5 - -4 - -10 - -1) + -12
-7
What is 228 + -247 + 2 + 34?
17
Calculate 7 + -17 + 39 + -39.
-10
What is (-23 - -19 - 19) + 12 + 0?
-11
Calculate 4 + -6 + 5 + (1 - (-7 - -2)).
9
Evaluate -2 + -3 - (-13 - (-13 - (-2 + -2))).
-1
What is the value of (1 - (13 - (-5 - -10))) + -16 + -3?
-26
(-5 + -3 - (-6 + -1)) + -17
-18
Calculate -3 + 7 + -21 + -12 + 8 + 0.
-21
4 + -1 + 13 + -28
-12
What is the value of 9 - (-4 - (5 + -14)) - (-42 + 50)?
-4
Calculate 6 + 8 + 2 + 4 + -14.
6
Calculate -1 + -8 + -6 + 13 + 1.
-1
What is 7 + (68 + -89 - (-3 - -1))?
-12
Evaluate -10 - (9 + (-21 - (17 + -10))).
9
24 - 3 - ((6 - 1) + -3 + 1)
18
26 + -14 + -2 + -1 + (6 - 2)
13
What is 9 - 3 - (5 - (5 + 7))?
13
Calculate -34 + 17 + 3 - -15.
1
Calculate -3 + 0 + -6 - (-2 - -4).
-11
-9 - -10 - -11 - (7 + 4) - 4
-3
What is the value of 9 + -12 - (3 + -13) - (-1 - -16)?
-8
What is 1 + -3 + (4 - (15 - -1))?
-14
What is (41 - 13) + -22 + (-4 - 2) + 4?
4
Evaluate -3 - -24 - (64 - 34).
-9
What is the value of 1 + (1 + -3 + (6 - 7) - 3)?
-5
What is 9 + (-5 - (7 - 7)) - (-7 + 8)?
3
-30 - (-1 - 15) - (0 + 14)
-28
What is the value of 195 - 176 - (5 - (-4 - 1))?
9
0 - (-35 - -40 - 36)
31
Evaluate (3 + -7 - -42) + 25 + -36.
27
Calculate -14 + 8 + 10 + (0 - 3).
1
What is the value of (1 - (15 - 2)) + (-8 - -15)?
-5
(330 - 321) + 2 + -16
-5
Evaluate -49 + 47 + 15 + -2 + 5 + -11.
5
Calculate 1 + -35 + -2 - (-52 - -63 - 11).
-36
Calculate 15 + -20 + 5 - (20 + -2).
-18
What is the value of -13 + -3 + 4 + 9?
-3
What is 86 - 106 - (-29 + 2)?
7
Calculate 6 + 10 + -5 + -12.
-1
9 - (-1 - (-1 - 1))
8
What is -18 + 5 + (15 - 14) - (4 + -4)?
-12
Calculate 0 - (2 - (11 + -2 - 19)).
-12
What is 23 + (12 - 66) + 19?
-12
What is 0 - -2 - 0 - (-1 + -25)?
28
Calculate -10 - (-88 - -99 - (-1 + 1 - -37)).
16
What is -4 - (3 + 3 + 8 + 10 + -45)?
17
What is -1 + 8 + (-3 - 0) + 7 + -45?
-34
Evaluate 0 + -12 - (83 + -94) - -4.
3
What is (-9 - (1 - 14)) + (-1 - 1) - 12?
-10
What is -5 + 3 + (-3 - -9)?
4
What is the value of -12 - (-20 - (13 + 2 - 19))?
4
Calculate (-12 + 3 + 10 - 2) + 8.
7
31 - 46 - (-1 + -14)
0
Calculate -2 + (-2 - (-14 - -11) - -4).
3
-2 - -8 - (-4 + 5 + -2 + 6)
1
What is 20 - (10 + (-15 - (-8 + -2)))?
15
What is (26 - -8) + -23 + -17?
-6
-31 - (-2 - (27 - 11))
-13
Evaluate 38 - 70 - (-19 + 2).
-15
Calculate -1 + 19 + (-11 - -1) + 217 + -209.
16
Evaluate 1 + -4 - (22 - 31).
6
Calculate 34 + -6 - 16 - 20.
-8
Evaluate -2 + (-5 - (-11 - -4)) + -9 + -13.
-22
What is 6 + 0 + -2 + 39 + -43 - 5?
-5
Evaluate -30 - (-15 + 26) - -23.
-18
What is the value of 3 - -2 - ((5 - 2) + -4 + 13)?
-7
What is -4 - 33 - ((16 - 19) + -11)?
-23
Evaluate -3 + 2 - -2 - (19 - 12 - 6).
0
What is -1 + (-6 + -7 + 22 - (-1 + 7))?
2
Evaluate -23 - (-2 + -18 + -10).
7
Calculate 1676 + -1657 + -7 + 0.
12
What is 38 + -4 + 31 + -35?
30
Evaluate (33 - 28) + -5 - 2.
-2
Evaluate (-21 - (-25 - 2)) + 17.
23
What is the value of 0 + 5 + -1 + (-4 + -3 - -1)?
-2
(-15 - (-19 + 18)) + 29
15
10 - (-7 - 3 - -12)
8
28 - -3 - (25 + -17 + 1)
22
Evaluate 14 - (5 + (12 - 7)).
4
18 + -7 + 14 + -11
14
Calculate (-3 - (2 - 1)) + (-14 - -18) + -11.
-11
What is -4 - 0 - -7 - (-4 + -1 + 1)?
7
Evaluate 5 - (24 + -34 + (-4 - -1 - 9)).
27
Calculate -6 + -2 + 3 - (5 + -6 - -11).
-15
54 - (65 + -38 + -7)
34
What is (31 - (-11 - 25)) +